2474. Determine m(2).
-150
Let j(r) = 48903*r - 1173662. What is j(24)?
10
Let y(j) = j**3 - 91*j**2 - 189*j + 327. Give y(93).
48
Let v(z) = z**2 + 287*z - 2946. Determine v(10).
24
Let p(z) = z**3 - 105*z**2 + 218*z + 8973. Determine p(102).
-3
Let u(x) = 27*x**2 + 1881*x + 3011. What is u(-68)?
-49
Let p(x) = x**3 - 12*x**2 - 44*x + 455. Calculate p(14).
231
Let q(r) = 61*r**2 - 3482*r + 253. Determine q(57).
-32
Let f(n) = 1824*n - 1030562. What is f(565)?
-2
Let k(x) = 2*x**3 - 43*x**2 + 268*x - 31. Give k(18).
2525
Let d(i) = -i**3 + 15*i**2 - 159*i + 902. What is d(8)?
78
Let s(w) = 119*w**3 + 12*w**2 + 139*w + 128. What is s(-1)?
-118
Let w(f) = -620*f - 243631. Give w(-393).
29
Let g(i) = 7*i**2 - 2529*i + 7607. What is g(3)?
83
Let r(f) = 126*f - 10157. What is r(81)?
49
Let x(o) = 19*o**2 + 418*o + 100. Give x(-24).
1012
Let p(x) = 136*x**2 + 511*x + 1018. Give p(-2).
540
Let w(k) = 33*k**2 - 3314*k + 4636. Calculate w(99).
-17
Let p(l) = 44*l**2 - 320*l - 268. Give p(8).
-12
Let b(m) = -421*m**2 + 5026*m + 330. Give b(12).
18
Let r(d) = d**3 - 116*d**2 - 1664*d + 180998. Calculate r(117).
-1
Let r(z) = 12397*z + 954821. What is r(-77)?
252
Let b(q) = 149972*q - 2099685. What is b(14)?
-77
Let r(s) = s**2 - 193*s + 6020. Give r(153).
-100
Let g(r) = 3*r**2 + 1021*r + 11002. Determine g(-329).
-184
Let c(f) = -4*f**3 - 962*f**2 + 482*f - 6. Give c(-241).
-6
Let r(p) = -465608*p + 10243368. Give r(22).
-8
Let b(k) = 255695*k - 767168. Give b(3).
-83
Let v(r) = -4*r**2 - 4364*r - 60846. Calculate v(-14).
-534
Let y(h) = 1782*h - 358148. What is y(201)?
34
Let m(b) = -54*b**3 - 24*b**2 - 81*b - 46. Give m(-3).
1439
Let o(w) = -w**3 - 97*w**2 + 1837*w - 4029. Calculate o(14).
-67
Let k(p) = -36517*p - 181901. Determine k(-5).
684
Let b(n) = n**3 + 37*n**2 - 270*n - 5994. Give b(-40).
6
Let u(x) = -29*x**2 - 672*x - 5959. What is u(-9)?
-2260
Let f(x) = -7*x**3 + 57*x**2 + 28*x - 310. Determine f(8).
-22
Let m(i) = 27037*i - 27081. Determine m(1).
-44
Let c(k) = 3012*k - 647594. Determine c(215).
-14
Let m(c) = -c**3 + 149*c**2 - 2586*c + 1011. Determine m(129).
237
Let n(t) = t**2 + 2497*t + 212015. Give n(-88).
23
Let h(l) = 14*l**2 + 629*l + 2487. What is h(-4)?
195
Let n(i) = 3502*i**2 - 63024*i - 214. Determine n(18).
2
Let u(x) = -3*x**3 + 26*x**2 + 45*x - 55. What is u(10)?
-5
Let o(b) = -b**3 - 11*b**2 + 51*b + 754. Calculate o(-7).
201
Let n(z) = -5*z**3 - 37*z**2 + 67*z + 342. Calculate n(-8).
-2
Let t(n) = -2*n**2 - 91*n + 8462. Give t(51).
-1381
Let l(q) = -63*q**3 - 591*q**2 - 591*q. Give l(-1).
63
Let p(n) = -2*n**3 + 432*n**2 + 2223*n - 2860. Give p(221).
13
Let r(g) = -2*g**3 - 253*g**2 - 2003*g + 345. What is r(-118)?
-9
Let n(l) = l**3 - 8*l**2 - 171*l + 1440. What is n(8)?
72
Let m(s) = -119*s**3 - 3*s**2 + 52*s + 135. Give m(-2).
971
Let z(y) = 449*y - 3635. Give z(7).
-492
Let x(u) = -2267*u + 1559709. Calculate x(688).
13
Let b(r) = -26*r**2 + 1043*r - 4650. What is b(35)?
5
Let t(y) = -7*y**3 + 176*y**2 - 31*y - 15. Calculate t(25).
-165
Let t(l) = 3*l**2 - 1011*l + 43083. Determine t(50).
33
Let h(t) = t**3 - 153*t**2 + 2298*t + 1890. What is h(136)?
-14
Let t(z) = 4259*z + 268322. What is t(-63)?
5
Let l(y) = 917*y + 430116. Calculate l(-469).
43
Let v(d) = -1718*d - 3587. Determine v(-2).
-151
Let t(b) = -9*b**2 - 276*b - 1891. Calculate t(-18).
161
Let d(t) = -6415*t - 12732. Give d(-2).
98
Let k(z) = 4*z**3 + 480*z**2 - 3. What is k(-120)?
-3
Let w(c) = -11*c**3 + 1514*c**2 - 960*c + 135. Calculate w(137).
-2
Let h(v) = 197*v**2 - 2228*v + 683. Calculate h(11).
12
Let c(v) = -12480*v + 2408632. What is c(193)?
-8
Let n(x) = 869939*x + 15658902. Calculate n(-18).
0
Let d(s) = 78*s**3 + 2741*s**2 + 401*s + 554. Give d(-35).
-6
Let g(x) = -5*x**3 - 320*x**2 + 630*x + 12. Determine g(2).
-48
Let f(z) = -2445*z - 2450. What is f(-1)?
-5
Let r(z) = -352222*z + 2113332. Calculate r(6).
0
Let l(u) = -u**2 + 164*u - 3973. Determine l(151).
-2010
Let w(b) = -6974*b + 1917862. Give w(275).
12
Let f(a) = -a**2 + 113*a - 3235. Give f(59).
-49
Let l(x) = -x**3 - 13*x**2 + 33*x + 1178. Determine l(-14).
912
Let o(f) = 3*f**3 + 146*f**2 + 1782*f + 157. What is o(-24)?
13
Let y(z) = 39*z + 1536. Calculate y(-35).
171
Let b(f) = 51972*f - 1195371. Determine b(23).
-15
Let l(g) = 20844*g + 2021860. Determine l(-97).
-8
Let d(j) = 17077*j + 2886006. Give d(-169).
-7
Let g(x) = -3*x**3 + 315*x**2 + 11*x - 191. Determine g(105).
964
Let w(k) = 11*k**2 + 56*k + 13. Determine w(0).
13
Let i(y) = 5*y**2 - 1019*y - 6554. Calculate i(210).
-44
Let j(x) = -11*x**3 - x**2 + 882*x + 2696. What is j(-3)?
338
Let l(o) = -15*o**3 - 23*o**2 + 2442*o - 82. Give l(12).
-10
Let g(z) = -2*z**2 + 29975*z - 209736. Determine g(7).
-9
Let c(r) = 32*r**2 - 889*r - 195. Determine c(28).
1
Let h(b) = 4*b**2 - 466*b - 16377. Calculate h(-28).
-193
Let v(x) = 125*x**3 - 491*x**2 - 10*x + 6. What is v(4)?
110
Let j(i) = 7707*i + 2604975. Determine j(-338).
9
Let d(s) = -14*s**3 - 8035*s**2 + 473*s - 57942. Calculate d(-574).
32
Let o(x) = 4*x**3 - 139*x**2 + 92*x - 48. What is o(34)?
-388
Let r(t) = -636*t - 62. Determine r(0).
-62
Let k(g) = g**2 - 26170*g + 940760. Calculate k(36).
-64
Let y(n) = n**2 + 1293*n + 372351. Determine y(-433).
-29
Let v(w) = 19032*w + 1750949. Determine v(-92).
5
Let r(o) = -2*o**2 + 2913*o + 467943. Give r(-146).
13
Let r(w) = 7*w**2 + 16063*w - 64369. Give r(4).
-5
Let i(y) = -3*y + 541. Give i(120).
181
Let w(g) = -g**3 + 44*g**2 - 209*g - 272. Give w(38).
450
Let n(j) = -362*j - 9780. Give n(-26).
-368
Let j(x) = -x**2 - 35*x + 96718. Give j(-329).
-8
Let x(q) = 58*q**3 + 16*q**2 + 101*q + 191. Calculate x(-2).
-411
Let n(v) = -11*v**2 + 22594*v + 113240. Determine n(2059).
-5
Let d(a) = 52*a**3 - 60527*a**2 - 1164*a - 3. Determine d(1164).
-3
Let u(n) = -229*n**2 + 3868*n + 412. What is u(17)?
-13
Let f(z) = z**2 + 264*z + 17902. Give f(-142).
578
Let r(x) = -8646*x - 492825. Calculate r(-57).
-3
Let i(d) = d**2 - 118452*d - 6162203. Calculate i(-52).
5
Let b(l) = -83*l + 14098. Calculate b(193).
-1921
Let t(l) = l**2 - 451*l + 15245. Give t(41).
-1565
Let r(o) = 604*o + 2294. Calculate r(-6).
-1330
Let o(v) = v**2 + 22410*v + 4287878. Determine o(-193).
-3
Let q(g) = 1462*g + 12959. What is q(-8)?
1263
Let h(x) = -x**3 - 36*x**2 - 254*x - 253. What is h(-27)?
44
Let c(z) = 368289*z + 16573003. Give c(-45).
-2
Let a(p) = -24*p - 1904. Calculate a(7).
-2072
Let n(l) = 7*l**2 - 539*l - 447. Determine n(76).
-979
Let k(g) = 31*g**2 - 160*g + 195. Calculate k(3).
-6
Let i(f) = f**2 - 406*f + 29550. What is i(95)?
5
Let s(i) = -399*i + 226637. Give s(568).
5
Let m(x) = x**3 + 105*x - 562. What is m(5)?
88
Let q(r) = -2*r**3 + 6*r**2 - 46*r + 121. Calculate q(7).
-593
Let b(l) = -194*l**2 + 4465*l - 6. What is b(23)?
63
Let m(j) = -8*j**3 + 31*j**2 + 636*j + 2856. Determine m(-6).
1884
Let m(p) = -126*p + 182. What is m(4)?
-322
Let x(z) = 28824*z - 201744. Calculate x(7).
24
Let x(l) = -17168*l - 34319. Give x(-2).
17
Let w(z) = 1920*z - 1323. Calculate w(0).
-1323
Let i(v) = -1161*v + 32467. Determine i(28).
-41
Let h(p) = 22*p**2 + 105*p + 292. Calculate h(-3).
175
Let k(w) = 25*w**3 - 272*w**2 - 43*w - 40. Calculate k(11).
-150
Let d(k) = -k**3 - 4639*k**2 - 73995*k - 444. What is d(-16)?
-12
Let f(b) = -2525*b - 1470. Determine f(-1).
1055
Let z(r) = -3*r**2 + 241*r + 1501. Calculate z(91).
-1411
Let y(f) = -5*f**2 - 28*f - 113. Give y(-19).
-1386
Let u(n) = -n**3 - 17*n**2 + 492*n + 8541. Give u(-18).
9
Let v(f) = -f**3 + 31*f**2 - 12*f + 673. Calculate v(30).
1213
Let s(d) = -2*d**3 + 59*d**2 + 2229*d - 65981. Calculate s(30).
-11
Let k(v) = v**3 - 37*v**2 + 273*v - 287. What is k(9)?
-98
Let j(b) = -b**2 + 31650*b - 158192. Determine j(5).
33
Let s(i) = 12*i**2 - 320*i - 102. What is s(23)?
-1114
Let q(t) = 44016*t + 50838465. Calculate q(-1155).
-15
Let a(r) = 77*r**2 + 2289*r + 150. Determine a(-28).
-3574
Let g(x) = 1920*x + 291920. Calculate g(-152).
80
Let m(t) = 3*t**3 + 24*t**2 + 26*t + 14. Give m(-9).
-463
Let a(n) = 3*n**2 - 13137*n - 920731. Calculate a(-69).
5
Let a(u) = -39*u**2 + 69*u + 304. Give a(-4).
-596
Let k(c) = c**3 + 50*c**2 + 350*c - 776. Calculate k(-41).
3
Let o(z) = 59*z**2 - 130*z - 622. 